[INFO] fetching crate requiem-service 1.0.5...
[INFO] checking requiem-service-1.0.5 against master#af3c6e733a40e671550e0f0f5aeecaa13772ba56 for pr-74989
[INFO] extracting crate requiem-service 1.0.5 into /workspace/builds/worker-1/source
[INFO] validating manifest of crates.io crate requiem-service 1.0.5 on toolchain af3c6e733a40e671550e0f0f5aeecaa13772ba56
[INFO] running `Command { std: "/workspace/cargo-home/bin/cargo" "+af3c6e733a40e671550e0f0f5aeecaa13772ba56" "read-manifest" "--manifest-path" "Cargo.toml", kill_on_drop: false }`
[INFO] started tweaking crates.io crate requiem-service 1.0.5
[INFO] finished tweaking crates.io crate requiem-service 1.0.5
[INFO] tweaked toml for crates.io crate requiem-service 1.0.5 written to /workspace/builds/worker-1/source/Cargo.toml
[INFO] running `Command { std: "/workspace/cargo-home/bin/cargo" "+af3c6e733a40e671550e0f0f5aeecaa13772ba56" "generate-lockfile" "--manifest-path" "Cargo.toml" "-Zno-index-update", kill_on_drop: false }`
[INFO] running `Command { std: "/workspace/cargo-home/bin/cargo" "+af3c6e733a40e671550e0f0f5aeecaa13772ba56" "fetch" "--locked" "--manifest-path" "Cargo.toml", kill_on_drop: false }`
[INFO] running `Command { std: "docker" "create" "-v" "/var/lib/crater-agent-workspace/builds/worker-1/target:/opt/rustwide/target:rw,Z" "-v" "/var/lib/crater-agent-workspace/builds/worker-1/source:/opt/rustwide/workdir:ro,Z" "-v" "/var/lib/crater-agent-workspace/cargo-home:/opt/rustwide/cargo-home:ro,Z" "-v" "/var/lib/crater-agent-workspace/rustup-home:/opt/rustwide/rustup-home:ro,Z" "-e" "SOURCE_DIR=/opt/rustwide/workdir" "-e" "CARGO_TARGET_DIR=/opt/rustwide/target" "-e" "CARGO_HOME=/opt/rustwide/cargo-home" "-e" "RUSTUP_HOME=/opt/rustwide/rustup-home" "-w" "/opt/rustwide/workdir" "-m" "1610612736" "--user" "0:0" "--network" "none" "rustops/crates-build-env@sha256:d92eaeed33fa75130ca1ee6c8a01d1ffb62bac859dfdfb3450e3e5d1c0146529" "/opt/rustwide/cargo-home/bin/cargo" "+af3c6e733a40e671550e0f0f5aeecaa13772ba56" "metadata" "--no-deps" "--format-version=1", kill_on_drop: false }`
[INFO] [stderr] WARNING: Your kernel does not support swap limit capabilities or the cgroup is not mounted. Memory limited without swap.
[INFO] [stdout] c1515a66d3b27f4c5b499f08877c2916b8646122715d2dd2414e6868d73e8a76
[INFO] running `Command { std: "docker" "start" "-a" "c1515a66d3b27f4c5b499f08877c2916b8646122715d2dd2414e6868d73e8a76", kill_on_drop: false }`
[INFO] running `Command { std: "docker" "inspect" "c1515a66d3b27f4c5b499f08877c2916b8646122715d2dd2414e6868d73e8a76", kill_on_drop: false }`
[INFO] running `Command { std: "docker" "rm" "-f" "c1515a66d3b27f4c5b499f08877c2916b8646122715d2dd2414e6868d73e8a76", kill_on_drop: false }`
[INFO] [stdout] c1515a66d3b27f4c5b499f08877c2916b8646122715d2dd2414e6868d73e8a76
[INFO] running `Command { std: "docker" "create" "-v" "/var/lib/crater-agent-workspace/builds/worker-1/target:/opt/rustwide/target:rw,Z" "-v" "/var/lib/crater-agent-workspace/builds/worker-1/source:/opt/rustwide/workdir:ro,Z" "-v" "/var/lib/crater-agent-workspace/cargo-home:/opt/rustwide/cargo-home:ro,Z" "-v" "/var/lib/crater-agent-workspace/rustup-home:/opt/rustwide/rustup-home:ro,Z" "-e" "SOURCE_DIR=/opt/rustwide/workdir" "-e" "CARGO_TARGET_DIR=/opt/rustwide/target" "-e" "CARGO_INCREMENTAL=0" "-e" "RUST_BACKTRACE=full" "-e" "RUSTFLAGS=--cap-lints=forbid" "-e" "CARGO_HOME=/opt/rustwide/cargo-home" "-e" "RUSTUP_HOME=/opt/rustwide/rustup-home" "-w" "/opt/rustwide/workdir" "-m" "1610612736" "--user" "0:0" "--network" "none" "rustops/crates-build-env@sha256:d92eaeed33fa75130ca1ee6c8a01d1ffb62bac859dfdfb3450e3e5d1c0146529" "/opt/rustwide/cargo-home/bin/cargo" "+af3c6e733a40e671550e0f0f5aeecaa13772ba56" "check" "--frozen" "--all" "--all-targets" "--message-format=json", kill_on_drop: false }`
[INFO] [stdout] 2c05438ff18c53bac0bde8dcaafcc88ab57f682fae95305538e5c39b610bd729
[INFO] [stderr] WARNING: Your kernel does not support swap limit capabilities or the cgroup is not mounted. Memory limited without swap.
[INFO] running `Command { std: "docker" "start" "-a" "2c05438ff18c53bac0bde8dcaafcc88ab57f682fae95305538e5c39b610bd729", kill_on_drop: false }`
[INFO] [stderr]     Checking futures-core v0.3.5
[INFO] [stderr]     Checking slab v0.4.2
[INFO] [stderr]    Compiling pin-project-internal v0.4.23
[INFO] [stderr]    Compiling proc-macro-nested v0.1.6
[INFO] [stderr]     Checking futures-sink v0.3.5
[INFO] [stderr]    Compiling memchr v2.3.3
[INFO] [stderr]     Checking once_cell v1.4.1
[INFO] [stderr]    Compiling proc-macro-hack v0.5.18
[INFO] [stderr]     Checking futures-io v0.3.5
[INFO] [stderr]     Checking pin-utils v0.1.0
[INFO] [stderr]     Checking arc-swap v0.4.7
[INFO] [stderr]     Checking bytes v0.5.6
[INFO] [stderr]     Checking pin-project-lite v0.1.7
[INFO] [stderr]     Checking copyless v0.1.5
[INFO] [stderr]     Checking net2 v0.2.35
[INFO] [stderr]     Checking iovec v0.1.4
[INFO] [stderr]    Compiling syn v1.0.40
[INFO] [stderr]     Checking futures-channel v0.3.5
[INFO] [stderr]     Checking futures-task v0.3.5
[INFO] [stderr]     Checking signal-hook-registry v1.2.1
[INFO] [stderr]     Checking mio v0.6.22
[INFO] [stderr]     Checking mio-uds v0.6.8
[INFO] [stderr]     Checking tokio v0.2.22
[INFO] [stderr]    Compiling futures-macro v0.3.5
[INFO] [stderr]    Compiling derive_more v0.99.10
[INFO] [stderr]    Compiling requiem-macros v0.1.1
[INFO] [stderr]     Checking pin-project v0.4.23
[INFO] [stderr]     Checking futures-util v0.3.5
[INFO] [stderr]     Checking requiem-threadpool v0.3.1
[INFO] [stderr]     Checking futures-executor v0.3.5
[INFO] [stderr]     Checking requiem-service v1.0.5 (/opt/rustwide/workdir)
[INFO] [stderr]     Checking futures v0.3.5
[INFO] [stderr]     Checking requiem-rt v1.0.0
[INFO] [stdout] error: use of deprecated macro `pin_project::project`: consider naming projected type by passing `project` argument to #[pin_project] attribute instead, see release note <https://github.com/taiki-e/pin-project/releases/tag/v0.4.21> for details
[INFO] [stdout]   --> src/and_then.rs:87:7
[INFO] [stdout]    |
[INFO] [stdout] 87 |     #[pin_project::project]
[INFO] [stdout]    |       ^^^^^^^^^^^^^^^^^^^^
[INFO] [stdout]    |
[INFO] [stdout] note: the lint level is defined here
[INFO] [stdout]   --> src/lib.rs:1:27
[INFO] [stdout]    |
[INFO] [stdout] 1  | #![deny(rust_2018_idioms, warnings)]
[INFO] [stdout]    |                           ^^^^^^^^
[INFO] [stdout]    = note: `#[deny(deprecated)]` implied by `#[deny(warnings)]`
[INFO] [stdout] 
[INFO] [stdout] 
[INFO] [stdout] error: use of deprecated macro `pin_project::project`: consider naming projected type by passing `project` argument to #[pin_project] attribute instead, see release note <https://github.com/taiki-e/pin-project/releases/tag/v0.4.21> for details
[INFO] [stdout]    --> src/and_then_apply_fn.rs:126:7
[INFO] [stdout]     |
[INFO] [stdout] 126 |     #[pin_project::project]
[INFO] [stdout]     |       ^^^^^^^^^^^^^^^^^^^^
[INFO] [stdout] 
[INFO] [stdout] 
[INFO] [stdout] error: use of deprecated macro `pin_project::project`: consider naming projected type by passing `project` argument to #[pin_project] attribute instead, see release note <https://github.com/taiki-e/pin-project/releases/tag/v0.4.21> for details
[INFO] [stdout]    --> src/apply_cfg.rs:203:7
[INFO] [stdout]     |
[INFO] [stdout] 203 |     #[pin_project::project]
[INFO] [stdout]     |       ^^^^^^^^^^^^^^^^^^^^
[INFO] [stdout] 
[INFO] [stdout] 
[INFO] [stdout] error: use of deprecated macro `pin_project::project`: consider naming projected type by passing `project` argument to #[pin_project] attribute instead, see release note <https://github.com/taiki-e/pin-project/releases/tag/v0.4.21> for details
[INFO] [stdout]   --> src/then.rs:87:7
[INFO] [stdout]    |
[INFO] [stdout] 87 |     #[pin_project::project]
[INFO] [stdout]    |       ^^^^^^^^^^^^^^^^^^^^
[INFO] [stdout] 
[INFO] [stdout] 
[INFO] [stdout] error: use of deprecated macro `pin_project::project`: consider naming projected type by passing `project` argument to #[pin_project] attribute instead, see release note <https://github.com/taiki-e/pin-project/releases/tag/v0.4.21> for details
[INFO] [stdout]    --> src/transform.rs:231:7
[INFO] [stdout]     |
[INFO] [stdout] 231 |     #[pin_project::project]
[INFO] [stdout]     |       ^^^^^^^^^^^^^^^^^^^^
[INFO] [stdout] 
[INFO] [stdout] 
[INFO] [stdout] error: aborting due to 5 previous errors
[INFO] [stdout] 
[INFO] [stdout] 
[INFO] [stderr] error: could not compile `requiem-service`.
[INFO] [stderr] 
[INFO] [stderr] To learn more, run the command again with --verbose.
[INFO] [stderr] warning: build failed, waiting for other jobs to finish...
[INFO] [stdout] error[E0433]: failed to resolve: use of undeclared type or module `actix_rt`
[INFO] [stdout]    --> src/and_then.rs:301:7
[INFO] [stdout]     |
[INFO] [stdout] 301 |     #[actix_rt::test]
[INFO] [stdout]     |       ^^^^^^^^ use of undeclared type or module `actix_rt`
[INFO] [stdout] 
[INFO] [stdout] 
[INFO] [stdout] error[E0433]: failed to resolve: use of undeclared type or module `actix_rt`
[INFO] [stdout]    --> src/and_then.rs:310:7
[INFO] [stdout]     |
[INFO] [stdout] 310 |     #[actix_rt::test]
[INFO] [stdout]     |       ^^^^^^^^ use of undeclared type or module `actix_rt`
[INFO] [stdout] 
[INFO] [stdout] 
[INFO] [stdout] error[E0433]: failed to resolve: use of undeclared type or module `actix_rt`
[INFO] [stdout]    --> src/and_then.rs:319:7
[INFO] [stdout]     |
[INFO] [stdout] 319 |     #[actix_rt::test]
[INFO] [stdout]     |       ^^^^^^^^ use of undeclared type or module `actix_rt`
[INFO] [stdout] 
[INFO] [stdout] 
[INFO] [stdout] error[E0433]: failed to resolve: use of undeclared type or module `actix_rt`
[INFO] [stdout]    --> src/and_then_apply_fn.rs:298:7
[INFO] [stdout]     |
[INFO] [stdout] 298 |     #[actix_rt::test]
[INFO] [stdout]     |       ^^^^^^^^ use of undeclared type or module `actix_rt`
[INFO] [stdout] 
[INFO] [stdout] 
[INFO] [stdout] error[E0433]: failed to resolve: use of undeclared type or module `actix_rt`
[INFO] [stdout]    --> src/and_then_apply_fn.rs:312:7
[INFO] [stdout]     |
[INFO] [stdout] 312 |     #[actix_rt::test]
[INFO] [stdout]     |       ^^^^^^^^ use of undeclared type or module `actix_rt`
[INFO] [stdout] 
[INFO] [stdout] 
[INFO] [stdout] error[E0433]: failed to resolve: use of undeclared type or module `actix_rt`
[INFO] [stdout]    --> src/apply.rs:231:7
[INFO] [stdout]     |
[INFO] [stdout] 231 |     #[actix_rt::test]
[INFO] [stdout]     |       ^^^^^^^^ use of undeclared type or module `actix_rt`
[INFO] [stdout] 
[INFO] [stdout] 
[INFO] [stdout] error[E0433]: failed to resolve: use of undeclared type or module `actix_rt`
[INFO] [stdout]    --> src/apply.rs:248:7
[INFO] [stdout]     |
[INFO] [stdout] 248 |     #[actix_rt::test]
[INFO] [stdout]     |       ^^^^^^^^ use of undeclared type or module `actix_rt`
[INFO] [stdout] 
[INFO] [stdout] 
[INFO] [stdout] error[E0433]: failed to resolve: use of undeclared type or module `actix_rt`
[INFO] [stdout]    --> src/fn_service.rs:370:7
[INFO] [stdout]     |
[INFO] [stdout] 370 |     #[actix_rt::test]
[INFO] [stdout]     |       ^^^^^^^^ use of undeclared type or module `actix_rt`
[INFO] [stdout] 
[INFO] [stdout] 
[INFO] [stdout] error[E0433]: failed to resolve: use of undeclared type or module `actix_rt`
[INFO] [stdout]    --> src/fn_service.rs:381:7
[INFO] [stdout]     |
[INFO] [stdout] 381 |     #[actix_rt::test]
[INFO] [stdout]     |       ^^^^^^^^ use of undeclared type or module `actix_rt`
[INFO] [stdout] 
[INFO] [stdout] 
[INFO] [stdout] error[E0433]: failed to resolve: use of undeclared type or module `actix_rt`
[INFO] [stdout]    --> src/fn_service.rs:391:7
[INFO] [stdout]     |
[INFO] [stdout] 391 |     #[actix_rt::test]
[INFO] [stdout]     |       ^^^^^^^^ use of undeclared type or module `actix_rt`
[INFO] [stdout] 
[INFO] [stdout] 
[INFO] [stdout] error[E0433]: failed to resolve: use of undeclared type or module `actix_rt`
[INFO] [stdout]    --> src/map.rs:222:7
[INFO] [stdout]     |
[INFO] [stdout] 222 |     #[actix_rt::test]
[INFO] [stdout]     |       ^^^^^^^^ use of undeclared type or module `actix_rt`
[INFO] [stdout] 
[INFO] [stdout] 
[INFO] [stdout] error[E0433]: failed to resolve: use of undeclared type or module `actix_rt`
[INFO] [stdout]    --> src/map.rs:229:7
[INFO] [stdout]     |
[INFO] [stdout] 229 |     #[actix_rt::test]
[INFO] [stdout]     |       ^^^^^^^^ use of undeclared type or module `actix_rt`
[INFO] [stdout] 
[INFO] [stdout] 
[INFO] [stdout] error[E0433]: failed to resolve: use of undeclared type or module `actix_rt`
[INFO] [stdout]    --> src/map.rs:237:7
[INFO] [stdout]     |
[INFO] [stdout] 237 |     #[actix_rt::test]
[INFO] [stdout]     |       ^^^^^^^^ use of undeclared type or module `actix_rt`
[INFO] [stdout] 
[INFO] [stdout] 
[INFO] [stdout] error[E0433]: failed to resolve: use of undeclared type or module `actix_rt`
[INFO] [stdout]    --> src/map_err.rs:224:7
[INFO] [stdout]     |
[INFO] [stdout] 224 |     #[actix_rt::test]
[INFO] [stdout]     |       ^^^^^^^^ use of undeclared type or module `actix_rt`
[INFO] [stdout] 
[INFO] [stdout] 
[INFO] [stdout] error[E0433]: failed to resolve: use of undeclared type or module `actix_rt`
[INFO] [stdout]    --> src/map_err.rs:231:7
[INFO] [stdout]     |
[INFO] [stdout] 231 |     #[actix_rt::test]
[INFO] [stdout]     |       ^^^^^^^^ use of undeclared type or module `actix_rt`
[INFO] [stdout] 
[INFO] [stdout] 
[INFO] [stdout] error[E0433]: failed to resolve: use of undeclared type or module `actix_rt`
[INFO] [stdout]    --> src/map_err.rs:239:7
[INFO] [stdout]     |
[INFO] [stdout] 239 |     #[actix_rt::test]
[INFO] [stdout]     |       ^^^^^^^^ use of undeclared type or module `actix_rt`
[INFO] [stdout] 
[INFO] [stdout] 
[INFO] [stdout] error[E0433]: failed to resolve: use of undeclared type or module `actix_rt`
[INFO] [stdout]    --> src/then.rs:292:7
[INFO] [stdout]     |
[INFO] [stdout] 292 |     #[actix_rt::test]
[INFO] [stdout]     |       ^^^^^^^^ use of undeclared type or module `actix_rt`
[INFO] [stdout] 
[INFO] [stdout] 
[INFO] [stdout] error[E0433]: failed to resolve: use of undeclared type or module `actix_rt`
[INFO] [stdout]    --> src/then.rs:301:7
[INFO] [stdout]     |
[INFO] [stdout] 301 |     #[actix_rt::test]
[INFO] [stdout]     |       ^^^^^^^^ use of undeclared type or module `actix_rt`
[INFO] [stdout] 
[INFO] [stdout] 
[INFO] [stdout] error[E0433]: failed to resolve: use of undeclared type or module `actix_rt`
[INFO] [stdout]    --> src/then.rs:315:7
[INFO] [stdout]     |
[INFO] [stdout] 315 |     #[actix_rt::test]
[INFO] [stdout]     |       ^^^^^^^^ use of undeclared type or module `actix_rt`
[INFO] [stdout] 
[INFO] [stdout] 
[INFO] [stdout] error: use of deprecated macro `pin_project::project`: consider naming projected type by passing `project` argument to #[pin_project] attribute instead, see release note <https://github.com/taiki-e/pin-project/releases/tag/v0.4.21> for details
[INFO] [stdout]   --> src/and_then.rs:87:7
[INFO] [stdout]    |
[INFO] [stdout] 87 |     #[pin_project::project]
[INFO] [stdout]    |       ^^^^^^^^^^^^^^^^^^^^
[INFO] [stdout]    |
[INFO] [stdout] note: the lint level is defined here
[INFO] [stdout]   --> src/lib.rs:1:27
[INFO] [stdout]    |
[INFO] [stdout] 1  | #![deny(rust_2018_idioms, warnings)]
[INFO] [stdout]    |                           ^^^^^^^^
[INFO] [stdout]    = note: `#[deny(deprecated)]` implied by `#[deny(warnings)]`
[INFO] [stdout] 
[INFO] [stdout] 
[INFO] [stdout] error: use of deprecated macro `pin_project::project`: consider naming projected type by passing `project` argument to #[pin_project] attribute instead, see release note <https://github.com/taiki-e/pin-project/releases/tag/v0.4.21> for details
[INFO] [stdout]    --> src/and_then_apply_fn.rs:126:7
[INFO] [stdout]     |
[INFO] [stdout] 126 |     #[pin_project::project]
[INFO] [stdout]     |       ^^^^^^^^^^^^^^^^^^^^
[INFO] [stdout] 
[INFO] [stdout] 
[INFO] [stdout] error: use of deprecated macro `pin_project::project`: consider naming projected type by passing `project` argument to #[pin_project] attribute instead, see release note <https://github.com/taiki-e/pin-project/releases/tag/v0.4.21> for details
[INFO] [stdout]    --> src/apply_cfg.rs:203:7
[INFO] [stdout]     |
[INFO] [stdout] 203 |     #[pin_project::project]
[INFO] [stdout]     |       ^^^^^^^^^^^^^^^^^^^^
[INFO] [stdout] 
[INFO] [stdout] 
[INFO] [stdout] error: use of deprecated macro `pin_project::project`: consider naming projected type by passing `project` argument to #[pin_project] attribute instead, see release note <https://github.com/taiki-e/pin-project/releases/tag/v0.4.21> for details
[INFO] [stdout]   --> src/then.rs:87:7
[INFO] [stdout]    |
[INFO] [stdout] 87 |     #[pin_project::project]
[INFO] [stdout]    |       ^^^^^^^^^^^^^^^^^^^^
[INFO] [stdout] 
[INFO] [stdout] 
[INFO] [stdout] error: use of deprecated macro `pin_project::project`: consider naming projected type by passing `project` argument to #[pin_project] attribute instead, see release note <https://github.com/taiki-e/pin-project/releases/tag/v0.4.21> for details
[INFO] [stdout]    --> src/transform.rs:231:7
[INFO] [stdout]     |
[INFO] [stdout] 231 |     #[pin_project::project]
[INFO] [stdout]     |       ^^^^^^^^^^^^^^^^^^^^
[INFO] [stdout] 
[INFO] [stdout] 
[INFO] [stdout] error: aborting due to 24 previous errors
[INFO] [stdout] 
[INFO] [stdout] 
[INFO] [stdout] For more information about this error, try `rustc --explain E0433`.
[INFO] [stdout] 
[INFO] [stderr] error: build failed
[INFO] running `Command { std: "docker" "inspect" "2c05438ff18c53bac0bde8dcaafcc88ab57f682fae95305538e5c39b610bd729", kill_on_drop: false }`
[INFO] running `Command { std: "docker" "rm" "-f" "2c05438ff18c53bac0bde8dcaafcc88ab57f682fae95305538e5c39b610bd729", kill_on_drop: false }`
[INFO] [stdout] 2c05438ff18c53bac0bde8dcaafcc88ab57f682fae95305538e5c39b610bd729
